{"id":3171,"date":"2020-08-07T14:42:58","date_gmt":"2020-08-07T12:42:58","guid":{"rendered":"https:\/\/www.mielmont.be\/?page_id=3171"},"modified":"2023-04-18T14:23:33","modified_gmt":"2023-04-18T12:23:33","slug":"nos-chambres","status":"publish","type":"page","link":"https:\/\/www.mielmont.be\/index.php\/restauration\/nos-chambres\/","title":{"rendered":"Nos chambres"},"content":{"rendered":"<p>[vc_row rt_row_background_width=\u00a0\u00bbfullwidth\u00a0\u00bb rt_row_content_width=\u00a0\u00bbdefault\u00a0\u00bb rt_row_style=\u00a0\u00bbdefault-style\u00a0\u00bb rt_row_height=\u00a0\u00bb\u00a0\u00bb rt_column_placement=\u00a0\u00bbmiddle\u00a0\u00bb rt_row_borders=\u00a0\u00bb\u00a0\u00bb rt_row_shadows=\u00a0\u00bb\u00a0\u00bb rt_column_gaps=\u00a0\u00bb\u00a0\u00bb rt_row_paddings=\u00a0\u00bbtrue\u00a0\u00bb rt_bg_effect=\u00a0\u00bbshape\u00a0\u00bb rt_bg_shape=\u00a0\u00bbcross-right\u00a0\u00bb rt_bg_custom_alignment=\u00a0\u00bbtop\u00a0\u00bb rt_transparent_bg=\u00a0\u00bb\u00a0\u00bb rt_bg_image_repeat=\u00a0\u00bbrepeat\u00a0\u00bb rt_bg_size=\u00a0\u00bbcover\u00a0\u00bb rt_bg_position=\u00a0\u00bbright top\u00a0\u00bb rt_bg_video_format=\u00a0\u00bbself-hosted\u00a0\u00bb rt_padding_top=\u00a0\u00bb100&Prime; rt_padding_bottom=\u00a0\u00bb120&Prime; rt_bg_shape_color=\u00a0\u00bb#f7f7f7&Prime;][vc_column width=\u00a0\u00bb1\/4&Prime; rt_col_paddings=\u00a0\u00bbtrue\u00a0\u00bb rt_wrp_col_paddings=\u00a0\u00bbfalse\u00a0\u00bb rt_column_shadow=\u00a0\u00bb\u00a0\u00bb rt_border_top=\u00a0\u00bb\u00a0\u00bb rt_border_bottom=\u00a0\u00bb\u00a0\u00bb rt_border_left=\u00a0\u00bb\u00a0\u00bb rt_border_right=\u00a0\u00bb\u00a0\u00bb rt_border_top_mobile=\u00a0\u00bb\u00a0\u00bb rt_border_bottom_mobile=\u00a0\u00bb\u00a0\u00bb rt_border_left_mobile=\u00a0\u00bb\u00a0\u00bb rt_border_right_mobile=\u00a0\u00bb\u00a0\u00bb rt_bg_image_repeat=\u00a0\u00bbrepeat\u00a0\u00bb rt_bg_size=\u00a0\u00bbauto auto\u00a0\u00bb rt_bg_position=\u00a0\u00bbright top\u00a0\u00bb rt_bg_attachment=\u00a0\u00bbscroll\u00a0\u00bb rt_bg_color=\u00a0\u00bb\u00a0\u00bb rt_bg_overlay_color=\u00a0\u00bb\u00a0\u00bb]<div class=\"rt_heading_wrapper no-style\">\n\t\t\t\t\t\t<h1 class=\"rt_heading  no-style\" >NOS CHAMBRES<\/h1> \n\t\t\t\t\t<\/div>[\/vc_column][vc_column width=\u00a0\u00bb3\/4&Prime; rt_color_set=\u00a0\u00bbdefault-style\u00a0\u00bb rt_col_paddings=\u00a0\u00bbtrue\u00a0\u00bb rt_wrp_col_paddings=\u00a0\u00bbfalse\u00a0\u00bb rt_column_shadow=\u00a0\u00bbtrue\u00a0\u00bb rt_border_top=\u00a0\u00bbtrue\u00a0\u00bb rt_border_bottom=\u00a0\u00bbtrue\u00a0\u00bb rt_border_left=\u00a0\u00bbtrue\u00a0\u00bb rt_border_right=\u00a0\u00bbtrue\u00a0\u00bb rt_border_top_mobile=\u00a0\u00bb\u00a0\u00bb rt_border_bottom_mobile=\u00a0\u00bb\u00a0\u00bb rt_border_left_mobile=\u00a0\u00bb\u00a0\u00bb rt_border_right_mobile=\u00a0\u00bb\u00a0\u00bb rt_bg_image_repeat=\u00a0\u00bbrepeat\u00a0\u00bb rt_bg_size=\u00a0\u00bbauto auto\u00a0\u00bb rt_bg_position=\u00a0\u00bbright top\u00a0\u00bb rt_bg_attachment=\u00a0\u00bbscroll\u00a0\u00bb rt_bg_color=\u00a0\u00bb\u00a0\u00bb rt_bg_overlay_color=\u00a0\u00bb\u00a0\u00bb rt_padding_top=\u00a0\u00bb40&Prime; rt_padding_bottom=\u00a0\u00bb5&Prime; rt_padding_left=\u00a0\u00bb40&Prime; rt_padding_right=\u00a0\u00bb40&Prime;][vc_column_text]Au c\u0153ur d\u2019un parc de 100 hectares et d\u2019un monument historique exceptionnel, nous vous proposons de vivre une exp\u00e9rience insolite, d\u00e9paysante et reposante dans une de nos suites. Les suites sont situ\u00e9es au sein du ch\u00e2teau de Mielmont et vous permettent de passer un s\u00e9jour dans un monument de pr\u00e8s de 800 ans tout en profitant du confort moderne. Outre l\u2019h\u00e9bergement, vous pourrez profiter de la nature dans le parc de 100 hectares et les bois (zone Natura 2000).<\/p>\n<p>Profitez de ce cadre authentique et resour\u00e7ant pour passer un s\u00e9jour hors du temps ! Le ch\u00e2teau offre plusieurs grandes chambres \u00e0 destination des amoureux d&rsquo;histoire et des grands espaces verts. Chaque chambre dispose d\u2019une salle-de-bains privative et d\u2019un coin salon.<\/p>\n<p><b>Attention, s&rsquo;il est d\u00e9sormais possible de r\u00e9server les chambres en introduisant une demande de r\u00e9servation en ligne ci-dessous, il faudra attendre la confirmation par email pour valider vos dates de s\u00e9jour ! Bienvenue !<\/b>[\/vc_column_text][\/vc_column][\/vc_row][vc_row rt_row_background_width=\u00a0\u00bbfullwidth\u00a0\u00bb rt_row_content_width=\u00a0\u00bbfullwidth\u00a0\u00bb rt_row_style=\u00a0\u00bbdefault-style\u00a0\u00bb rt_row_height=\u00a0\u00bb\u00a0\u00bb rt_row_borders=\u00a0\u00bb\u00a0\u00bb rt_row_shadows=\u00a0\u00bb\u00a0\u00bb rt_column_gaps=\u00a0\u00bb\u00a0\u00bb rt_row_paddings=\u00a0\u00bbtrue\u00a0\u00bb rt_bg_effect=\u00a0\u00bbclassic\u00a0\u00bb rt_transparent_bg=\u00a0\u00bb\u00a0\u00bb rt_bg_image_repeat=\u00a0\u00bbrepeat\u00a0\u00bb rt_bg_size=\u00a0\u00bbcover\u00a0\u00bb rt_bg_position=\u00a0\u00bbright top\u00a0\u00bb rt_bg_attachment=\u00a0\u00bbscroll\u00a0\u00bb rt_bg_video_format=\u00a0\u00bbself-hosted\u00a0\u00bb][vc_column rt_col_paddings=\u00a0\u00bbtrue\u00a0\u00bb rt_wrp_col_paddings=\u00a0\u00bbfalse\u00a0\u00bb rt_column_shadow=\u00a0\u00bb\u00a0\u00bb rt_border_top=\u00a0\u00bb\u00a0\u00bb rt_border_bottom=\u00a0\u00bb\u00a0\u00bb rt_border_left=\u00a0\u00bb\u00a0\u00bb rt_border_right=\u00a0\u00bb\u00a0\u00bb rt_border_top_mobile=\u00a0\u00bb\u00a0\u00bb rt_border_bottom_mobile=\u00a0\u00bb\u00a0\u00bb rt_border_left_mobile=\u00a0\u00bb\u00a0\u00bb rt_border_right_mobile=\u00a0\u00bb\u00a0\u00bb rt_bg_image_repeat=\u00a0\u00bbrepeat\u00a0\u00bb rt_bg_size=\u00a0\u00bbauto auto\u00a0\u00bb rt_bg_position=\u00a0\u00bbright top\u00a0\u00bb rt_bg_attachment=\u00a0\u00bbscroll\u00a0\u00bb][vc_tta_tour style=\u00a0\u00bboutline\u00a0\u00bb shape=\u00a0\u00bbsquare\u00a0\u00bb color=\u00a0\u00bbchino\u00a0\u00bb spacing=\u00a0\u00bb5&Prime; alignment=\u00a0\u00bbcenter\u00a0\u00bb controls_size=\u00a0\u00bbmd\u00a0\u00bb active_section=\u00a0\u00bb1&Prime;][vc_tta_section title=\u00a0\u00bbLa Grande Suite\u00a0\u00bb tab_id=\u00a0\u00bb1629808390380-28657619-752562d9-13f3&Prime;][vc_gallery type=\u00a0\u00bbimage_grid\u00a0\u00bb images=\u00a0\u00bb3319,3318,3317,3320,3321,3322&Prime; img_size=\u00a0\u00bblarge\u00a0\u00bb onclick=\u00a0\u00bb\u00a0\u00bb css_animation=\u00a0\u00bbleft-to-right\u00a0\u00bb]<article  class=\"icon-content-box content-box icon-left icon-style-1\"><div class=\"icon-holder\"><span class=\"icon-lodging\"><\/span><\/div><div class=\"text-holder\"><h5 class=\"heading\">Lit King Size<\/h5> <p>Literie et serviette de bain inclues pour deux personnes<\/p>\n<\/div><\/article><article  class=\"icon-content-box content-box icon-left icon-style-1\"><div class=\"icon-holder\"><span class=\"icon-food\"><\/span><\/div><div class=\"text-holder\"><h5 class=\"heading\">Petit-d\u00e9jeuner inclus<\/h5> <p>Pour le petit d\u00e9jeuner, nous vous proposons des paniers, compos\u00e9s de produits locaux et de saison et que vous trouverez d\u00e8s votre r\u00e9veil \u00e0 votre porte.<\/p>\n<\/div><\/article>[vc_text_separator title=\u00a0\u00bb\u00a0\u00bb color=\u00a0\u00bbwhite\u00a0\u00bb][vc_raw_html]JTNDc2NyaXB0JTIwdHlwZSUzRCUyMnRleHQlMkZqYXZhc2NyaXB0JTIyJTIwYXN5bmMlM0QlMjJhc3luYyUyMiUyMGNsYXNzJTNEJTIyZW1iZWQtbGRnZnktc2NyaXB0LWxvYWRlciUyMGVtYmVkLWxkZ2Z5LWJ1dHRvbi1zY3JpcHQtbG9hZGVyJTIyJTIwc3JjJTNEJTIyJTJGJTJGY2RuLmxvZGdpZnkuY29tJTJGdGhlbWVzJTJGc2hhcmVkJTJGdjMlMkZhc3NldHMlMkYzLjIuNCUyRmVtYmVkLWxkZ2Z5LWJ1dHRvbi5taW4uanMlMjIlMjBkYXRhLXdlYnNpdGUtaWQlM0QlMjIzMzUwMDYlMjIlMjBkYXRhLXdlYnNpdGUtc2x1ZyUzRCUyMmRvbWFpbmUtbWllbG1vbnQlMjIlMjBkYXRhLWRvbWFpbiUzRCUyMmxvZGdpZnkuY29tJTIyJTIwZGF0YS1wcm9wZXJ0eS1pZCUzRCUyMjM0NjIzNCUyMiUyMGRhdGEtY3VsdHVyZSUzRCUyMmZyJTIyJTIwZGF0YS10ZXh0JTNEJTIyUiVDMyVBOXNlcnZleiUyMG1haW50ZW5hbnQlMjIlMjBkYXRhLXRhcmdldCUzRCUyMl9ibGFuayUyMiUyMGRhdGEtYmctY29sb3IlM0QlMjIlMjNhNDFkMjQlMjIlMjBkYXRhLXRleHQtY29sb3IlM0QlMjIlMjNmZmYlMjIlMjBkYXRhLWNsYXNzLW5hbWUlM0QlMjIlMjIlMjBkYXRhLWN1cnJlbmN5JTNEJTIyRVVSJTIyJTNFJTNDJTJGc2NyaXB0JTNF[\/vc_raw_html][vc_text_separator title=\u00a0\u00bb\u00a0\u00bb color=\u00a0\u00bbwhite\u00a0\u00bb][\/vc_tta_section][vc_tta_section title=\u00a0\u00bbChambre Bleue\u00a0\u00bb tab_id=\u00a0\u00bb1636815058680-a09f5056-959e\u00a0\u00bb][vc_gallery type=\u00a0\u00bbimage_grid\u00a0\u00bb images=\u00a0\u00bb3249,3248,3247&Prime; img_size=\u00a0\u00bblarge\u00a0\u00bb onclick=\u00a0\u00bb\u00a0\u00bb css_animation=\u00a0\u00bbleft-to-right\u00a0\u00bb]<article  class=\"icon-content-box content-box icon-left icon-style-1\"><div class=\"icon-holder\"><span class=\"icon-lodging\"><\/span><\/div><div class=\"text-holder\"><h5 class=\"heading\">Lit King Size<\/h5> <p>Literie et serviette de bain inclues pour deux personnes<\/p>\n<\/div><\/article><article  class=\"icon-content-box content-box icon-left icon-style-1\"><div class=\"icon-holder\"><span class=\"icon-food\"><\/span><\/div><div class=\"text-holder\"><h5 class=\"heading\">Petit-d\u00e9jeuner inclus<\/h5> <p>Pour le petit d\u00e9jeuner, nous vous proposons des paniers, compos\u00e9s de produits locaux et de saison et que vous trouverez d\u00e8s votre r\u00e9veil \u00e0 votre porte.<\/p>\n<\/div><\/article>[vc_text_separator title=\u00a0\u00bb\u00a0\u00bb color=\u00a0\u00bbwhite\u00a0\u00bb][vc_raw_html]JTNDc2NyaXB0JTIwdHlwZSUzRCUyMnRleHQlMkZqYXZhc2NyaXB0JTIyJTIwYXN5bmMlM0QlMjJhc3luYyUyMiUyMGNsYXNzJTNEJTIyZW1iZWQtbGRnZnktc2NyaXB0LWxvYWRlciUyMGVtYmVkLWxkZ2Z5LWJ1dHRvbi1zY3JpcHQtbG9hZGVyJTIyJTIwc3JjJTNEJTIyJTJGJTJGY2RuLmxvZGdpZnkuY29tJTJGdGhlbWVzJTJGc2hhcmVkJTJGdjMlMkZhc3NldHMlMkYzLjIuNCUyRmVtYmVkLWxkZ2Z5LWJ1dHRvbi5taW4uanMlMjIlMjBkYXRhLXdlYnNpdGUtaWQlM0QlMjIzMzUwMDYlMjIlMjBkYXRhLXdlYnNpdGUtc2x1ZyUzRCUyMmRvbWFpbmUtbWllbG1vbnQlMjIlMjBkYXRhLWRvbWFpbiUzRCUyMmxvZGdpZnkuY29tJTIyJTIwZGF0YS1wcm9wZXJ0eS1pZCUzRCUyMjM0NjIzNCUyMiUyMGRhdGEtY3VsdHVyZSUzRCUyMmZyJTIyJTIwZGF0YS10ZXh0JTNEJTIyUiVDMyVBOXNlcnZleiUyMG1haW50ZW5hbnQlMjIlMjBkYXRhLXRhcmdldCUzRCUyMl9ibGFuayUyMiUyMGRhdGEtYmctY29sb3IlM0QlMjIlMjNhNDFkMjQlMjIlMjBkYXRhLXRleHQtY29sb3IlM0QlMjIlMjNmZmYlMjIlMjBkYXRhLWNsYXNzLW5hbWUlM0QlMjIlMjIlMjBkYXRhLWN1cnJlbmN5JTNEJTIyRVVSJTIyJTNFJTNDJTJGc2NyaXB0JTNF[\/vc_raw_html][vc_text_separator title=\u00a0\u00bb\u00a0\u00bb color=\u00a0\u00bbwhite\u00a0\u00bb][\/vc_tta_section][vc_tta_section title=\u00a0\u00bbChambre Verte\u00a0\u00bb tab_id=\u00a0\u00bb1629809679978-e70c4619-74fb62d9-13f3&Prime;][vc_gallery type=\u00a0\u00bbimage_grid\u00a0\u00bb images=\u00a0\u00bb3251,3250&Prime; img_size=\u00a0\u00bblarge\u00a0\u00bb onclick=\u00a0\u00bb\u00a0\u00bb css_animation=\u00a0\u00bbleft-to-right\u00a0\u00bb]<article  class=\"icon-content-box content-box icon-left icon-style-1\"><div class=\"icon-holder\"><span class=\"icon-lodging\"><\/span><\/div><div class=\"text-holder\"><h5 class=\"heading\">Lit King Size<\/h5> <p>Literie et serviette de bain inclues pour deux personnes<\/p>\n<\/div><\/article><article  class=\"icon-content-box content-box icon-left icon-style-1\"><div class=\"icon-holder\"><span class=\"icon-food\"><\/span><\/div><div class=\"text-holder\"><h5 class=\"heading\">Petit-d\u00e9jeuner inclus<\/h5> <p>Pour le petit d\u00e9jeuner, nous vous proposons des paniers, compos\u00e9s de produits locaux et de saison et que vous trouverez d\u00e8s votre r\u00e9veil \u00e0 votre porte.<\/p>\n<\/div><\/article>[vc_text_separator title=\u00a0\u00bb\u00a0\u00bb color=\u00a0\u00bbwhite\u00a0\u00bb][vc_raw_html]JTNDc2NyaXB0JTIwdHlwZSUzRCUyMnRleHQlMkZqYXZhc2NyaXB0JTIyJTIwYXN5bmMlM0QlMjJhc3luYyUyMiUyMGNsYXNzJTNEJTIyZW1iZWQtbGRnZnktc2NyaXB0LWxvYWRlciUyMGVtYmVkLWxkZ2Z5LWJ1dHRvbi1zY3JpcHQtbG9hZGVyJTIyJTIwc3JjJTNEJTIyJTJGJTJGY2RuLmxvZGdpZnkuY29tJTJGdGhlbWVzJTJGc2hhcmVkJTJGdjMlMkZhc3NldHMlMkYzLjIuMSUyRmVtYmVkLWxkZ2Z5LWJ1dHRvbi5taW4uanMlMjIlMjBkYXRhLXdlYnNpdGUtaWQlM0QlMjIzMzUwMDYlMjIlMjBkYXRhLXdlYnNpdGUtc2x1ZyUzRCUyMmRvbWFpbmUtbWllbG1vbnQlMjIlMjBkYXRhLWRvbWFpbiUzRCUyMmxvZGdpZnkuY29tJTIyJTIwZGF0YS1wcm9wZXJ0eS1pZCUzRCUyMjM0NjIxMyUyMiUyMGRhdGEtY3VsdHVyZSUzRCUyMmZyJTIyJTIwZGF0YS10ZXh0JTNEJTIyUiVDMyVBOXNlcnZleiUyMG1haW50ZW5hbnQlMjIlMjBkYXRhLXRhcmdldCUzRCUyMl9ibGFuayUyMiUyMGRhdGEtYmctY29sb3IlM0QlMjIlMjNhNDFkMjQlMjIlMjBkYXRhLXRleHQtY29sb3IlM0QlMjIlMjNmZmYlMjIlMjBkYXRhLWNsYXNzLW5hbWUlM0QlMjIlMjIlMjBkYXRhLWN1cnJlbmN5JTNEJTIyRVVSJTIyJTNFJTNDJTJGc2NyaXB0JTNF[\/vc_raw_html][vc_text_separator title=\u00a0\u00bb\u00a0\u00bb color=\u00a0\u00bbwhite\u00a0\u00bb][\/vc_tta_section][vc_tta_section title=\u00a0\u00bbChambre Beige\u00a0\u00bb tab_id=\u00a0\u00bb1629809940185-228f9b8b-494662d9-13f3&Prime;][vc_gallery type=\u00a0\u00bbimage_grid\u00a0\u00bb images=\u00a0\u00bb3246,3254&Prime; img_size=\u00a0\u00bblarge\u00a0\u00bb onclick=\u00a0\u00bb\u00a0\u00bb css_animation=\u00a0\u00bbleft-to-right\u00a0\u00bb]<article  class=\"icon-content-box content-box icon-left icon-style-1\"><div class=\"icon-holder\"><span class=\"icon-lodging\"><\/span><\/div><div class=\"text-holder\"><h5 class=\"heading\">Lit King Size<\/h5> <p>Literie et serviette de bain inclues pour deux personnes<\/p>\n<\/div><\/article><article  class=\"icon-content-box content-box icon-left icon-style-1\"><div class=\"icon-holder\"><span class=\"icon-food\"><\/span><\/div><div class=\"text-holder\"><h5 class=\"heading\">Petit-d\u00e9jeuner inclus<\/h5> <p>Pour le petit d\u00e9jeuner, nous vous proposons des paniers, compos\u00e9s de produits locaux et de saison et que vous trouverez d\u00e8s votre r\u00e9veil \u00e0 votre porte.<\/p>\n<\/div><\/article>[vc_text_separator title=\u00a0\u00bb\u00a0\u00bb color=\u00a0\u00bbwhite\u00a0\u00bb][vc_raw_html]JTNDc2NyaXB0JTIwdHlwZSUzRCUyMnRleHQlMkZqYXZhc2NyaXB0JTIyJTIwYXN5bmMlM0QlMjJhc3luYyUyMiUyMGNsYXNzJTNEJTIyZW1iZWQtbGRnZnktc2NyaXB0LWxvYWRlciUyMGVtYmVkLWxkZ2Z5LWJ1dHRvbi1zY3JpcHQtbG9hZGVyJTIyJTIwc3JjJTNEJTIyJTJGJTJGY2RuLmxvZGdpZnkuY29tJTJGdGhlbWVzJTJGc2hhcmVkJTJGdjMlMkZhc3NldHMlMkYzLjIuMSUyRmVtYmVkLWxkZ2Z5LWJ1dHRvbi5taW4uanMlMjIlMjBkYXRhLXdlYnNpdGUtaWQlM0QlMjIzMzUwMDYlMjIlMjBkYXRhLXdlYnNpdGUtc2x1ZyUzRCUyMmRvbWFpbmUtbWllbG1vbnQlMjIlMjBkYXRhLWRvbWFpbiUzRCUyMmxvZGdpZnkuY29tJTIyJTIwZGF0YS1wcm9wZXJ0eS1pZCUzRCUyMjM0NjIwMyUyMiUyMGRhdGEtY3VsdHVyZSUzRCUyMmZyJTIyJTIwZGF0YS10ZXh0JTNEJTIyUiVDMyVBOXNlcnZleiUyMG1haW50ZW5hbnQlMjIlMjBkYXRhLXRhcmdldCUzRCUyMl9ibGFuayUyMiUyMGRhdGEtYmctY29sb3IlM0QlMjIlMjNhNDFkMjQlMjIlMjBkYXRhLXRleHQtY29sb3IlM0QlMjIlMjNmZmYlMjIlMjBkYXRhLWNsYXNzLW5hbWUlM0QlMjIlMjIlMjBkYXRhLWN1cnJlbmN5JTNEJTIyRVVSJTIyJTNFJTNDJTJGc2NyaXB0JTNF[\/vc_raw_html][vc_text_separator title=\u00a0\u00bb\u00a0\u00bb color=\u00a0\u00bbwhite\u00a0\u00bb][\/vc_tta_section][vc_tta_section title=\u00a0\u00bbChambre Rouge\u00a0\u00bb tab_id=\u00a0\u00bb1630248139363-1e3db2cf-0f8a\u00a0\u00bb][vc_gallery type=\u00a0\u00bbimage_grid\u00a0\u00bb images=\u00a0\u00bb3346,3347,3348,3349,3350,3351,3352&Prime; img_size=\u00a0\u00bblarge\u00a0\u00bb onclick=\u00a0\u00bb\u00a0\u00bb css_animation=\u00a0\u00bbleft-to-right\u00a0\u00bb]<article  class=\"icon-content-box content-box icon-left icon-style-1\"><div class=\"icon-holder\"><span class=\"icon-lodging\"><\/span><\/div><div class=\"text-holder\"><h5 class=\"heading\">Lit King Size<\/h5> <p>Literie et serviette de bain inclues pour deux personnes<\/p>\n<\/div><\/article><article  class=\"icon-content-box content-box icon-left icon-style-1\"><div class=\"icon-holder\"><span class=\"icon-food\"><\/span><\/div><div class=\"text-holder\"><h5 class=\"heading\">Petit-d\u00e9jeuner inclus<\/h5> <p>Pour le petit d\u00e9jeuner, nous vous proposons des paniers, compos\u00e9s de produits locaux et de saison et que vous trouverez d\u00e8s votre r\u00e9veil \u00e0 votre porte.<\/p>\n<\/div><\/article>[vc_text_separator title=\u00a0\u00bb\u00a0\u00bb color=\u00a0\u00bbwhite\u00a0\u00bb][vc_raw_html]JTNDc2NyaXB0JTIwdHlwZSUzRCUyMnRleHQlMkZqYXZhc2NyaXB0JTIyJTIwYXN5bmMlM0QlMjJhc3luYyUyMiUyMGNsYXNzJTNEJTIyZW1iZWQtbGRnZnktc2NyaXB0LWxvYWRlciUyMGVtYmVkLWxkZ2Z5LWJ1dHRvbi1zY3JpcHQtbG9hZGVyJTIyJTIwc3JjJTNEJTIyJTJGJTJGY2RuLmxvZGdpZnkuY29tJTJGdGhlbWVzJTJGc2hhcmVkJTJGdjMlMkZhc3NldHMlMkYzLjIuMSUyRmVtYmVkLWxkZ2Z5LWJ1dHRvbi5taW4uanMlMjIlMjBkYXRhLXdlYnNpdGUtaWQlM0QlMjIzMzUwMDYlMjIlMjBkYXRhLXdlYnNpdGUtc2x1ZyUzRCUyMmRvbWFpbmUtbWllbG1vbnQlMjIlMjBkYXRhLWRvbWFpbiUzRCUyMmxvZGdpZnkuY29tJTIyJTIwZGF0YS1wcm9wZXJ0eS1pZCUzRCUyMjM0NjIxNSUyMiUyMGRhdGEtY3VsdHVyZSUzRCUyMmZyJTIyJTIwZGF0YS10ZXh0JTNEJTIyUiVDMyVBOXNlcnZleiUyMG1haW50ZW5hbnQlMjIlMjBkYXRhLXRhcmdldCUzRCUyMl9ibGFuayUyMiUyMGRhdGEtYmctY29sb3IlM0QlMjIlMjNhNDFkMjQlMjIlMjBkYXRhLXRleHQtY29sb3IlM0QlMjIlMjNmZmYlMjIlMjBkYXRhLWNsYXNzLW5hbWUlM0QlMjIlMjIlMjBkYXRhLWN1cnJlbmN5JTNEJTIyRVVSJTIyJTNFJTNDJTJGc2NyaXB0JTNF[\/vc_raw_html][vc_text_separator title=\u00a0\u00bb\u00a0\u00bb color=\u00a0\u00bbwhite\u00a0\u00bb][\/vc_tta_section][vc_tta_section title=\u00a0\u00bbLe Porche\u00a0\u00bb tab_id=\u00a0\u00bb1636816121833-a5b44c62-d7c7&Prime;][vc_gallery type=\u00a0\u00bbimage_grid\u00a0\u00bb images=\u00a0\u00bb3327,3328,3329&Prime; img_size=\u00a0\u00bblarge\u00a0\u00bb onclick=\u00a0\u00bb\u00a0\u00bb css_animation=\u00a0\u00bbleft-to-right\u00a0\u00bb]<article  class=\"icon-content-box content-box icon-left icon-style-1\"><div class=\"icon-holder\"><span class=\"icon-lodging\"><\/span><\/div><div class=\"text-holder\"><h5 class=\"heading\">Lit King Size<\/h5> <p>Literie et serviette de bain inclues pour deux personnes<\/p>\n<\/div><\/article><article  class=\"icon-content-box content-box icon-left icon-style-1\"><div class=\"icon-holder\"><span class=\"icon-food\"><\/span><\/div><div class=\"text-holder\"><h5 class=\"heading\">Petit-d\u00e9jeuner inclus<\/h5> <p>Pour le petit d\u00e9jeuner, nous vous proposons des paniers, compos\u00e9s de produits locaux et de saison et que vous trouverez d\u00e8s votre r\u00e9veil \u00e0 votre porte.<\/p>\n<\/div><\/article>[vc_text_separator title=\u00a0\u00bb\u00a0\u00bb color=\u00a0\u00bbwhite\u00a0\u00bb][vc_raw_html]JTNDc2NyaXB0JTIwdHlwZSUzRCUyMnRleHQlMkZqYXZhc2NyaXB0JTIyJTIwYXN5bmMlM0QlMjJhc3luYyUyMiUyMGNsYXNzJTNEJTIyZW1iZWQtbGRnZnktc2NyaXB0LWxvYWRlciUyMGVtYmVkLWxkZ2Z5LWJ1dHRvbi1zY3JpcHQtbG9hZGVyJTIyJTIwc3JjJTNEJTIyJTJGJTJGY2RuLmxvZGdpZnkuY29tJTJGdGhlbWVzJTJGc2hhcmVkJTJGdjMlMkZhc3NldHMlMkYzLjIuNCUyRmVtYmVkLWxkZ2Z5LWJ1dHRvbi5taW4uanMlMjIlMjBkYXRhLXdlYnNpdGUtaWQlM0QlMjIzMzUwMDYlMjIlMjBkYXRhLXdlYnNpdGUtc2x1ZyUzRCUyMmRvbWFpbmUtbWllbG1vbnQlMjIlMjBkYXRhLWRvbWFpbiUzRCUyMmxvZGdpZnkuY29tJTIyJTIwZGF0YS1wcm9wZXJ0eS1pZCUzRCUyMjM0NjIzNiUyMiUyMGRhdGEtY3VsdHVyZSUzRCUyMmZyJTIyJTIwZGF0YS10ZXh0JTNEJTIyUiVDMyVBOXNlcnZleiUyMG1haW50ZW5hbnQlMjIlMjBkYXRhLXRhcmdldCUzRCUyMl9ibGFuayUyMiUyMGRhdGEtYmctY29sb3IlM0QlMjIlMjNhNDFkMjQlMjIlMjBkYXRhLXRleHQtY29sb3IlM0QlMjIlMjNmZmYlMjIlMjBkYXRhLWNsYXNzLW5hbWUlM0QlMjIlMjIlMjBkYXRhLWN1cnJlbmN5JTNEJTIyRVVSJTIyJTNFJTNDJTJGc2NyaXB0JTNF[\/vc_raw_html][vc_text_separator title=\u00a0\u00bb\u00a0\u00bb color=\u00a0\u00bbwhite\u00a0\u00bb][\/vc_tta_section][\/vc_tta_tour][\/vc_column][\/vc_row][vc_row rt_row_background_width=\u00a0\u00bbfullwidth\u00a0\u00bb rt_row_content_width=\u00a0\u00bbdefault\u00a0\u00bb rt_row_style=\u00a0\u00bbdefault-style\u00a0\u00bb rt_row_height=\u00a0\u00bb\u00a0\u00bb rt_row_borders=\u00a0\u00bb\u00a0\u00bb rt_row_shadows=\u00a0\u00bb\u00a0\u00bb rt_column_gaps=\u00a0\u00bb\u00a0\u00bb rt_row_paddings=\u00a0\u00bbtrue\u00a0\u00bb rt_bg_effect=\u00a0\u00bbclassic\u00a0\u00bb rt_transparent_bg=\u00a0\u00bb\u00a0\u00bb rt_bg_image_repeat=\u00a0\u00bbrepeat\u00a0\u00bb rt_bg_size=\u00a0\u00bbcover\u00a0\u00bb rt_bg_position=\u00a0\u00bbright top\u00a0\u00bb rt_bg_attachment=\u00a0\u00bbscroll\u00a0\u00bb rt_bg_video_format=\u00a0\u00bbself-hosted\u00a0\u00bb][vc_column rt_col_paddings=\u00a0\u00bbtrue\u00a0\u00bb rt_wrp_col_paddings=\u00a0\u00bbfalse\u00a0\u00bb rt_column_shadow=\u00a0\u00bb\u00a0\u00bb rt_border_top=\u00a0\u00bb\u00a0\u00bb rt_border_bottom=\u00a0\u00bb\u00a0\u00bb rt_border_left=\u00a0\u00bb\u00a0\u00bb rt_border_right=\u00a0\u00bb\u00a0\u00bb rt_border_top_mobile=\u00a0\u00bb\u00a0\u00bb rt_border_bottom_mobile=\u00a0\u00bb\u00a0\u00bb rt_border_left_mobile=\u00a0\u00bb\u00a0\u00bb rt_border_right_mobile=\u00a0\u00bb\u00a0\u00bb rt_bg_image_repeat=\u00a0\u00bbrepeat\u00a0\u00bb rt_bg_size=\u00a0\u00bbauto auto\u00a0\u00bb rt_bg_position=\u00a0\u00bbright top\u00a0\u00bb rt_bg_attachment=\u00a0\u00bbscroll\u00a0\u00bb][\/vc_column][\/vc_row]<\/p>\n","protected":false},"excerpt":{"rendered":"<p>[vc_row rt_row_background_width=\u00a0\u00bbfullwidth\u00a0\u00bb rt_row_content_width=\u00a0\u00bbdefault\u00a0\u00bb rt_row_style=\u00a0\u00bbdefault-style\u00a0\u00bb rt_row_height=\u00a0\u00bb\u00a0\u00bb rt_column_placement=\u00a0\u00bbmiddle\u00a0\u00bb rt_row_borders=\u00a0\u00bb\u00a0\u00bb rt_row_shadows=\u00a0\u00bb\u00a0\u00bb rt_column_gaps=\u00a0\u00bb\u00a0\u00bb rt_row_paddings=\u00a0\u00bbtrue\u00a0\u00bb rt_bg_effect=\u00a0\u00bbshape\u00a0\u00bb rt_bg_shape=\u00a0\u00bbcross-right\u00a0\u00bb rt_bg_custom_alignment=\u00a0\u00bbtop\u00a0\u00bb rt_transparent_bg=\u00a0\u00bb\u00a0\u00bb rt_bg_image_repeat=\u00a0\u00bbrepeat\u00a0\u00bb rt_bg_size=\u00a0\u00bbcover\u00a0\u00bb rt_bg_position=\u00a0\u00bbright top\u00a0\u00bb rt_bg_video_format=\u00a0\u00bbself-hosted\u00a0\u00bb rt_padding_top=\u00a0\u00bb100&Prime; rt_padding_bottom=\u00a0\u00bb120&Prime; rt_bg_shape_color=\u00a0\u00bb#f7f7f7&Prime;][vc_column width=\u00a0\u00bb1\/4&Prime; rt_col_paddings=\u00a0\u00bbtrue\u00a0\u00bb rt_wrp_col_paddings=\u00a0\u00bbfalse\u00a0\u00bb rt_column_shadow=\u00a0\u00bb\u00a0\u00bb rt_border_top=\u00a0\u00bb\u00a0\u00bb rt_border_bottom=\u00a0\u00bb\u00a0\u00bb rt_border_left=\u00a0\u00bb\u00a0\u00bb rt_border_right=\u00a0\u00bb\u00a0\u00bb rt_border_top_mobile=\u00a0\u00bb\u00a0\u00bb rt_border_bottom_mobile=\u00a0\u00bb\u00a0\u00bb rt_border_left_mobile=\u00a0\u00bb\u00a0\u00bb rt_border_right_mobile=\u00a0\u00bb\u00a0\u00bb rt_bg_image_repeat=\u00a0\u00bbrepeat\u00a0\u00bb rt_bg_size=\u00a0\u00bbauto auto\u00a0\u00bb rt_bg_position=\u00a0\u00bbright top\u00a0\u00bb rt_bg_attachment=\u00a0\u00bbscroll\u00a0\u00bb rt_bg_color=\u00a0\u00bb\u00a0\u00bb rt_bg_overlay_color=\u00a0\u00bb\u00a0\u00bb][\/vc_column][vc_column width=\u00a0\u00bb3\/4&Prime; rt_color_set=\u00a0\u00bbdefault-style\u00a0\u00bb rt_col_paddings=\u00a0\u00bbtrue\u00a0\u00bb rt_wrp_col_paddings=\u00a0\u00bbfalse\u00a0\u00bb rt_column_shadow=\u00a0\u00bbtrue\u00a0\u00bb rt_border_top=\u00a0\u00bbtrue\u00a0\u00bb rt_border_bottom=\u00a0\u00bbtrue\u00a0\u00bb rt_border_left=\u00a0\u00bbtrue\u00a0\u00bb rt_border_right=\u00a0\u00bbtrue\u00a0\u00bb rt_border_top_mobile=\u00a0\u00bb\u00a0\u00bb rt_border_bottom_mobile=\u00a0\u00bb\u00a0\u00bb rt_border_left_mobile=\u00a0\u00bb\u00a0\u00bb rt_border_right_mobile=\u00a0\u00bb\u00a0\u00bb &#8230; <a class=\"more-link\" href=\"https:\/\/www.mielmont.be\/index.php\/restauration\/nos-chambres\/\">Continue reading<\/a><\/p>\n","protected":false},"author":1,"featured_media":0,"parent":3053,"menu_order":0,"comment_status":"closed","ping_status":"closed","template":"","meta":{"footnotes":""},"class_list":["post-3171","page","type-page","status-publish","hentry"],"_links":{"self":[{"href":"https:\/\/www.mielmont.be\/index.php\/wp-json\/wp\/v2\/pages\/3171","targetHints":{"allow":["GET"]}}],"collection":[{"href":"https:\/\/www.mielmont.be\/index.php\/wp-json\/wp\/v2\/pages"}],"about":[{"href":"https:\/\/www.mielmont.be\/index.php\/wp-json\/wp\/v2\/types\/page"}],"author":[{"embeddable":true,"href":"https:\/\/www.mielmont.be\/index.php\/wp-json\/wp\/v2\/users\/1"}],"replies":[{"embeddable":true,"href":"https:\/\/www.mielmont.be\/index.php\/wp-json\/wp\/v2\/comments?post=3171"}],"version-history":[{"count":24,"href":"https:\/\/www.mielmont.be\/index.php\/wp-json\/wp\/v2\/pages\/3171\/revisions"}],"predecessor-version":[{"id":3730,"href":"https:\/\/www.mielmont.be\/index.php\/wp-json\/wp\/v2\/pages\/3171\/revisions\/3730"}],"up":[{"embeddable":true,"href":"https:\/\/www.mielmont.be\/index.php\/wp-json\/wp\/v2\/pages\/3053"}],"wp:attachment":[{"href":"https:\/\/www.mielmont.be\/index.php\/wp-json\/wp\/v2\/media?parent=3171"}],"curies":[{"name":"wp","href":"https:\/\/api.w.org\/{rel}","templated":true}]}}