{"id":3356,"date":"2021-11-13T16:44:46","date_gmt":"2021-11-13T15:44:46","guid":{"rendered":"https:\/\/www.mielmont.be\/?page_id=3356"},"modified":"2024-10-16T16:09:03","modified_gmt":"2024-10-16T14:09:03","slug":"gite-chateau-de-mielmont","status":"publish","type":"page","link":"https:\/\/www.mielmont.be\/index.php\/gite-chateau-de-mielmont\/","title":{"rendered":"G\u00eete au Ch\u00e2teau"},"content":{"rendered":"<p>[vc_row rt_row_background_width=\u00a0\u00bbfullwidth\u00a0\u00bb rt_row_content_width=\u00a0\u00bbdefault\u00a0\u00bb rt_row_style=\u00a0\u00bblight-style\u00a0\u00bb rt_row_height=\u00a0\u00bb\u00a0\u00bb rt_column_placement=\u00a0\u00bbmiddle\u00a0\u00bb rt_row_borders=\u00a0\u00bb\u00a0\u00bb rt_row_shadows=\u00a0\u00bb\u00a0\u00bb rt_column_gaps=\u00a0\u00bb\u00a0\u00bb rt_row_paddings=\u00a0\u00bbtrue\u00a0\u00bb rt_bg_effect=\u00a0\u00bbclassic\u00a0\u00bb rt_transparent_bg=\u00a0\u00bb\u00a0\u00bb rt_bg_image_repeat=\u00a0\u00bbrepeat\u00a0\u00bb rt_bg_size=\u00a0\u00bbcover\u00a0\u00bb rt_bg_position=\u00a0\u00bbright top\u00a0\u00bb rt_bg_attachment=\u00a0\u00bbscroll\u00a0\u00bb rt_bg_video_format=\u00a0\u00bbself-hosted\u00a0\u00bb rt_padding_top=\u00a0\u00bb200&Prime; rt_padding_bottom=\u00a0\u00bb30&Prime; rt_bg_color=\u00a0\u00bb#000000&Prime;][vc_column rt_col_paddings=\u00a0\u00bbtrue\u00a0\u00bb rt_wrp_col_paddings=\u00a0\u00bbfalse\u00a0\u00bb rt_column_shadow=\u00a0\u00bb\u00a0\u00bb rt_border_top=\u00a0\u00bb\u00a0\u00bb rt_border_bottom=\u00a0\u00bb\u00a0\u00bb rt_border_left=\u00a0\u00bb\u00a0\u00bb rt_border_right=\u00a0\u00bb\u00a0\u00bb rt_border_top_mobile=\u00a0\u00bb\u00a0\u00bb rt_border_bottom_mobile=\u00a0\u00bb\u00a0\u00bb rt_border_left_mobile=\u00a0\u00bb\u00a0\u00bb rt_border_right_mobile=\u00a0\u00bb\u00a0\u00bb rt_bg_image_repeat=\u00a0\u00bbrepeat\u00a0\u00bb rt_bg_size=\u00a0\u00bbauto auto\u00a0\u00bb rt_bg_position=\u00a0\u00bbright top\u00a0\u00bb rt_bg_attachment=\u00a0\u00bbscroll\u00a0\u00bb rt_bg_color=\u00a0\u00bb#8c2227&Prime; rt_bg_overlay_color=\u00a0\u00bb\u00a0\u00bb rt_padding_top=\u00a0\u00bb30&Prime; rt_padding_bottom=\u00a0\u00bb30&Prime; rt_padding_left=\u00a0\u00bb30&Prime; rt_padding_right=\u00a0\u00bb30&Prime;]<div class=\"rt_heading_wrapper no-style\">\n\t\t\t\t\t\t<h1 class=\"rt_heading  no-style\" >LE CH\u00c2TEAU<\/h1> \n\t\t\t\t\t<\/div>[vc_column_text]Au c\u0153ur d\u2019un parc de 100 hectares, nous vous proposons de vivre une exp\u00e9rience insolite, d\u00e9paysante et reposante dans le Ch\u00e2teau de Mielmont. Venez vivre un moment en famille ou entre amis dans un monument de pr\u00e8s de 800 ans tout en profitant du confort moderne. Outre l\u2019h\u00e9bergement, vous pourrez profiter de la nature dans le parc de 100 hectares et les bois (zone Natura 2000).<\/p>\n<p>Profitez de ce cadre authentique et resour\u00e7ant pour passer un s\u00e9jour hors du temps !<\/p>\n<p>Vous aurez acc\u00e8s \u00e0 l&rsquo;enti\u00e8ret\u00e9 du Ch\u00e2teau, des chambres et appartements, des grands salons avec feu ouvert, salle-\u00e0-manger et une grande cuisine hyper-\u00e9quip\u00e9e.<\/p>\n<p>[\/vc_column_text][\/vc_column][\/vc_row][vc_row rt_row_background_width=\u00a0\u00bbfullwidth\u00a0\u00bb rt_row_content_width=\u00a0\u00bbfullwidth\u00a0\u00bb rt_row_style=\u00a0\u00bblight-style\u00a0\u00bb rt_row_height=\u00a0\u00bb\u00a0\u00bb rt_row_borders=\u00a0\u00bb\u00a0\u00bb rt_row_shadows=\u00a0\u00bb\u00a0\u00bb rt_column_gaps=\u00a0\u00bb\u00a0\u00bb rt_row_paddings=\u00a0\u00bbtrue\u00a0\u00bb rt_bg_effect=\u00a0\u00bbclassic\u00a0\u00bb rt_transparent_bg=\u00a0\u00bb\u00a0\u00bb rt_bg_image_repeat=\u00a0\u00bbrepeat\u00a0\u00bb rt_bg_size=\u00a0\u00bbcover\u00a0\u00bb rt_bg_position=\u00a0\u00bbright top\u00a0\u00bb rt_bg_attachment=\u00a0\u00bbscroll\u00a0\u00bb rt_bg_video_format=\u00a0\u00bbself-hosted\u00a0\u00bb][vc_column rt_color_set=\u00a0\u00bblight-style\u00a0\u00bb rt_col_paddings=\u00a0\u00bbtrue\u00a0\u00bb rt_wrp_col_paddings=\u00a0\u00bbfalse\u00a0\u00bb rt_column_shadow=\u00a0\u00bb\u00a0\u00bb rt_border_top=\u00a0\u00bb\u00a0\u00bb rt_border_bottom=\u00a0\u00bb\u00a0\u00bb rt_border_left=\u00a0\u00bb\u00a0\u00bb rt_border_right=\u00a0\u00bb\u00a0\u00bb rt_border_top_mobile=\u00a0\u00bb\u00a0\u00bb rt_border_bottom_mobile=\u00a0\u00bb\u00a0\u00bb rt_border_left_mobile=\u00a0\u00bb\u00a0\u00bb rt_border_right_mobile=\u00a0\u00bb\u00a0\u00bb rt_bg_image_repeat=\u00a0\u00bbrepeat\u00a0\u00bb rt_bg_size=\u00a0\u00bbauto auto\u00a0\u00bb rt_bg_position=\u00a0\u00bbright top\u00a0\u00bb rt_bg_attachment=\u00a0\u00bbscroll\u00a0\u00bb rt_bg_color=\u00a0\u00bb\u00a0\u00bb rt_bg_overlay_color=\u00a0\u00bb\u00a0\u00bb][vc_tta_tour style=\u00a0\u00bboutline\u00a0\u00bb shape=\u00a0\u00bbsquare\u00a0\u00bb color=\u00a0\u00bbchino\u00a0\u00bb spacing=\u00a0\u00bb5&Prime; alignment=\u00a0\u00bbcenter\u00a0\u00bb controls_size=\u00a0\u00bbmd\u00a0\u00bb active_section=\u00a0\u00bb1&Prime;][vc_tta_section title=\u00a0\u00bbLe ch\u00e2teau de Mielmont\u00a0\u00bb tab_id=\u00a0\u00bb1629808390380-28657619-752562d9-13f3cf49-c6e4&Prime;]<article  class=\"icon-content-box content-box icon-left icon-style-1\"><div class=\"icon-holder\"><\/div><div class=\"text-holder\"> <p>Le ch\u00e2teau compte 12 chambres et suites, chacune avec leur salle-de-bain, qui peuvent accueillir jusqu&rsquo;\u00e0 24 adultes et 6 enfants (jusqu&rsquo;\u00e0 12 ans).<\/p>\n<\/div><\/article>[vc_gallery type=\u00a0\u00bbflexslider_slide\u00a0\u00bb interval=\u00a0\u00bb5&Prime; images=\u00a0\u00bb3855,3856,3857,3502,3500,3486,3494,3491,3492&Prime; img_size=\u00a0\u00bb1000&#215;700&Prime; onclick=\u00a0\u00bbimg_link_large\u00a0\u00bb css_animation=\u00a0\u00bbleft-to-right\u00a0\u00bb][\/vc_tta_section][vc_tta_section title=\u00a0\u00bbLes salons de r\u00e9ception\u00a0\u00bb tab_id=\u00a0\u00bb1640114614316-13796fca-1244&Prime;][vc_column_text]<\/p>\n<ul>\n<li style=\"list-style-type: none;\">\n<ul>\n<li>Grands salons avec feu ouvert<\/li>\n<li>Salle \u00e0 manger<\/li>\n<li>Grand cuisine \u00e9quip\u00e9e<\/li>\n<li>Salon de jeux de table<\/li>\n<li>Salon de t\u00e9l\u00e9vision avec Smart TV<\/li>\n<li>Salle de jeux avec table de ping-pong et kicker<\/li>\n<li>Le salon du donjon<\/li>\n<\/ul>\n<\/li>\n<\/ul>\n<p>[\/vc_column_text][vc_gallery type=\u00a0\u00bbflexslider_slide\u00a0\u00bb interval=\u00a0\u00bb0&Prime; images=\u00a0\u00bb3858,3859,3860,3861,3862,3863,3864,3865,3899,3900&Prime; img_size=\u00a0\u00bb1000&#215;700&Prime; onclick=\u00a0\u00bbimg_link_large\u00a0\u00bb css_animation=\u00a0\u00bbleft-to-right\u00a0\u00bb][\/vc_tta_section][vc_tta_section title=\u00a0\u00bbLes chambres et suites\u00a0\u00bb tab_id=\u00a0\u00bb1640114890527-07494239-e050&Prime;][vc_gallery type=\u00a0\u00bbflexslider_slide\u00a0\u00bb interval=\u00a0\u00bb0&Prime; images=\u00a0\u00bb3866,3350,3871,3868,3867,3870,3872,3873,3874,3875,3876,3877,3878,3879,3880&Prime; img_size=\u00a0\u00bb1000&#215;700&Prime; onclick=\u00a0\u00bbimg_link_large\u00a0\u00bb css_animation=\u00a0\u00bbleft-to-right\u00a0\u00bb][vc_column_text]<\/p>\n<ul>\n<li><strong>Grande Suite<\/strong> (2 personnes)<\/li>\n<\/ul>\n<p>Lit king size<br \/>\nGrande salle-de-bain avec douche et baignoire et toilette s\u00e9par\u00e9e<br \/>\nDressing<br \/>\nBureau dans la tour<\/p>\n<ul>\n<li>\u00a0<strong>Chambre rouge<\/strong> (2 + 1 personnes)<\/li>\n<\/ul>\n<p>Lit king size<br \/>\nUn lit simple (chambre s\u00e9par\u00e9e)<br \/>\nGrande salle-de-bain avec douche et baignoire et toilette s\u00e9par\u00e9e<br \/>\nPetit bureau dans la tour<\/p>\n<ul>\n<li><strong>Chambre bleue<\/strong> (2 + 2 personnes)<\/li>\n<\/ul>\n<p>Lit king size<br \/>\nDeux lits simples (chambre s\u00e9par\u00e9e)<br \/>\nGrande salle-de-bain avec douche et baignoire et toilette s\u00e9par\u00e9e<\/p>\n<ul>\n<li><strong>Chambre verte<\/strong> (2 personnes)<\/li>\n<\/ul>\n<p>Lit king size<br \/>\nSalle-de-douche avec toilette s\u00e9par\u00e9e<\/p>\n<ul>\n<li><strong>Chambre beige<\/strong> (2 personnes)<\/li>\n<\/ul>\n<p>Lit king size<br \/>\nGrande salle-de-bain avec baignoire et toilette s\u00e9par\u00e9e<\/p>\n<ul>\n<li><strong>Le Porche<\/strong> (2 personnes)<\/li>\n<\/ul>\n<p>Lit double<\/p>\n<p>Salle de bain avec baignoire et toilette s\u00e9par\u00e9e<\/p>\n<ul>\n<li><strong>La Tour du Porche<\/strong> (2 personnes)<\/li>\n<\/ul>\n<p>2 lits simples<br \/>\nSalle-de-bain avec douche<\/p>\n<ul>\n<li><strong>Appartement rouge<\/strong> (2 + 2 personnes)<\/li>\n<\/ul>\n<p>Lit king size<br \/>\nCanap\u00e9-lit 2 personnes dans le s\u00e9jour<br \/>\nSalle-de-bain avec baignoire et toilette s\u00e9par\u00e9e<br \/>\nS\u00e9jour<br \/>\nCuisine<\/p>\n<ul>\n<li><strong>Appartement bleu<\/strong> (2 + 1 enfant)<\/li>\n<\/ul>\n<p>Lit king size<br \/>\nCanap\u00e9-lit 1 enfant dans le s\u00e9jour<br \/>\nSalle-de-bain avec baignoire et toilette s\u00e9par\u00e9e<br \/>\nS\u00e9jour<br \/>\nCuisine<\/p>\n<ul>\n<li><strong>Appartement vert <\/strong>(2 + 1 enfant)<\/li>\n<\/ul>\n<p>Lit king size<br \/>\nCanap\u00e9-lit 1 enfant dans le s\u00e9jour<br \/>\nSalle-de-bain avec baignoire et toilette s\u00e9par\u00e9e<br \/>\nS\u00e9jour<br \/>\nCuisine<\/p>\n<ul>\n<li><strong>Chambre Le Colombier <\/strong>(2 personnes)<\/li>\n<\/ul>\n<p>2 lits de 90, sur demande nous les assemblons ou nous les s\u00e9parons<\/p>\n<p>Salle de douche et toilette<\/p>\n<ul>\n<li><strong>Chambre Le pigeonnier <\/strong>(2 personnes)<\/li>\n<\/ul>\n<p>2 lits de 90, sur demande nous les assemblons ou nous les s\u00e9parons<\/p>\n<p>Salle de douche et toilette<\/p>\n<p>Un berceau et un lit enfant sont disponibles sur demande[\/vc_column_text][\/vc_tta_section][vc_tta_section title=\u00a0\u00bbTarifs\u00a0\u00bb tab_id=\u00a0\u00bb1674146121036-726857e2-6544&Prime;][vc_column_text]<strong>Tarifs Weekend<\/strong><br \/>\nBasse Saison* : 6000\u20ac (htva 6%)<br \/>\nHaute Saison** : 6500\u20ac (htva 6%)<br \/>\nWeekend : du vendredi 16h au dimanche 16h<\/p>\n<p><strong>Tarifs 3 nuits<\/strong><br \/>\nBasse Saison* : 6400\u20ac (htva 6%)<br \/>\nHaute Saison** : 7000\u20ac (htva 6%)<br \/>\nMid-week : du lundi 16h au jeudi 16h<\/p>\n<p><strong>Tarifs 4 nuits<\/strong><br \/>\nBasse Saison* : 6800\u20ac (htva 6%)<br \/>\nHaute Saison** : 7500\u20ac (htva 6%)<\/p>\n<p><strong>Tarifs 5 nuits<\/strong><br \/>\nBasse Saison* : 7200\u20ac (htva 6%)<br \/>\nHaute Saison** : 8000\u20ac (htva 6%)<\/p>\n<p><strong>Tarifs 6 nuits<\/strong><br \/>\nBasse Saison* : 7600\u20ac (htva 6%)<br \/>\nHaute Saison** : 8500\u20ac (htva 6%)<\/p>\n<p><strong>Tarifs Semaine<\/strong><br \/>\nBasse Saison* : 8000\u20ac (htva 6%)<br \/>\nHaute Saison** : 9000\u20ac (htva 6%)<br \/>\nSemaine\u00a0: du lundi 16 h au dimanche 16h ou du vendredi 16h au vendredi 10h<\/p>\n<p>Les prix incluent le linge de lit et de bain, le nettoyage de fin de s\u00e9jour (nous vous demandons de bien balayer les lieux avant votre d\u00e9part), la consommation d\u2019\u00e9nergie, le Wi-Fi, le bois pour la chemin\u00e9e, les sacs-poubelle et les sacs PMC, les tablettes pour le lave-vaisselle et le papier hygi\u00e9nique.<\/p>\n<ul>\n<li>Il est possible de commander un buffet petit-d\u00e9jeuner au prix de 18\u20ac par personne.<\/li>\n<li>Nous demandons une caution de 3000\u20ac.<\/li>\n<li>Nous louons toujours le Domaine \u00e0 un seul groupe. Il n\u2019y a jamais plusieurs groupes simultan\u00e9ment dans le domaine.<\/li>\n<\/ul>\n<p>*Basse saison : d\u00e9but octobre \u00e0 fin f\u00e9vrier (hors vacances scolaires)<\/p>\n<p>**Haute saison : d\u00e9but avril \u00e0 fin septembre (+ toutes les vacances scolaires)[\/vc_column_text][\/vc_tta_section][\/vc_tta_tour][\/vc_column][\/vc_row]<\/p>\n","protected":false},"excerpt":{"rendered":"<p>[vc_row rt_row_background_width=\u00a0\u00bbfullwidth\u00a0\u00bb rt_row_content_width=\u00a0\u00bbdefault\u00a0\u00bb rt_row_style=\u00a0\u00bblight-style\u00a0\u00bb rt_row_height=\u00a0\u00bb\u00a0\u00bb rt_column_placement=\u00a0\u00bbmiddle\u00a0\u00bb rt_row_borders=\u00a0\u00bb\u00a0\u00bb rt_row_shadows=\u00a0\u00bb\u00a0\u00bb rt_column_gaps=\u00a0\u00bb\u00a0\u00bb rt_row_paddings=\u00a0\u00bbtrue\u00a0\u00bb rt_bg_effect=\u00a0\u00bbclassic\u00a0\u00bb rt_transparent_bg=\u00a0\u00bb\u00a0\u00bb rt_bg_image_repeat=\u00a0\u00bbrepeat\u00a0\u00bb rt_bg_size=\u00a0\u00bbcover\u00a0\u00bb rt_bg_position=\u00a0\u00bbright top\u00a0\u00bb rt_bg_attachment=\u00a0\u00bbscroll\u00a0\u00bb rt_bg_video_format=\u00a0\u00bbself-hosted\u00a0\u00bb rt_padding_top=\u00a0\u00bb200&Prime; rt_padding_bottom=\u00a0\u00bb30&Prime; rt_bg_color=\u00a0\u00bb#000000&Prime;][vc_column rt_col_paddings=\u00a0\u00bbtrue\u00a0\u00bb rt_wrp_col_paddings=\u00a0\u00bbfalse\u00a0\u00bb rt_column_shadow=\u00a0\u00bb\u00a0\u00bb rt_border_top=\u00a0\u00bb\u00a0\u00bb rt_border_bottom=\u00a0\u00bb\u00a0\u00bb rt_border_left=\u00a0\u00bb\u00a0\u00bb rt_border_right=\u00a0\u00bb\u00a0\u00bb rt_border_top_mobile=\u00a0\u00bb\u00a0\u00bb rt_border_bottom_mobile=\u00a0\u00bb\u00a0\u00bb rt_border_left_mobile=\u00a0\u00bb\u00a0\u00bb rt_border_right_mobile=\u00a0\u00bb\u00a0\u00bb rt_bg_image_repeat=\u00a0\u00bbrepeat\u00a0\u00bb rt_bg_size=\u00a0\u00bbauto auto\u00a0\u00bb rt_bg_position=\u00a0\u00bbright top\u00a0\u00bb rt_bg_attachment=\u00a0\u00bbscroll\u00a0\u00bb rt_bg_color=\u00a0\u00bb#8c2227&Prime; rt_bg_overlay_color=\u00a0\u00bb\u00a0\u00bb rt_padding_top=\u00a0\u00bb30&Prime; rt_padding_bottom=\u00a0\u00bb30&Prime; rt_padding_left=\u00a0\u00bb30&Prime; rt_padding_right=\u00a0\u00bb30&Prime;][vc_column_text]Au c\u0153ur d\u2019un parc de 100 hectares, nous vous proposons de vivre &#8230; <a class=\"more-link\" href=\"https:\/\/www.mielmont.be\/index.php\/gite-chateau-de-mielmont\/\">Continue reading<\/a><\/p>\n","protected":false},"author":1,"featured_media":0,"parent":0,"menu_order":0,"comment_status":"closed","ping_status":"closed","template":"","meta":{"footnotes":""},"class_list":["post-3356","page","type-page","status-publish","hentry"],"_links":{"self":[{"href":"https:\/\/www.mielmont.be\/index.php\/wp-json\/wp\/v2\/pages\/3356","targetHints":{"allow":["GET"]}}],"collection":[{"href":"https:\/\/www.mielmont.be\/index.php\/wp-json\/wp\/v2\/pages"}],"about":[{"href":"https:\/\/www.mielmont.be\/index.php\/wp-json\/wp\/v2\/types\/page"}],"author":[{"embeddable":true,"href":"https:\/\/www.mielmont.be\/index.php\/wp-json\/wp\/v2\/users\/1"}],"replies":[{"embeddable":true,"href":"https:\/\/www.mielmont.be\/index.php\/wp-json\/wp\/v2\/comments?post=3356"}],"version-history":[{"count":65,"href":"https:\/\/www.mielmont.be\/index.php\/wp-json\/wp\/v2\/pages\/3356\/revisions"}],"predecessor-version":[{"id":3664,"href":"https:\/\/www.mielmont.be\/index.php\/wp-json\/wp\/v2\/pages\/3356\/revisions\/3664"}],"wp:attachment":[{"href":"https:\/\/www.mielmont.be\/index.php\/wp-json\/wp\/v2\/media?parent=3356"}],"curies":[{"name":"wp","href":"https:\/\/api.w.org\/{rel}","templated":true}]}}